{"id":53,"date":"2021-01-18T11:58:55","date_gmt":"2021-01-18T11:58:55","guid":{"rendered":"https:\/\/naturcoiffeur-heiniger.ch\/?page_id=53"},"modified":"2021-05-23T13:49:37","modified_gmt":"2021-05-23T13:49:37","slug":"kontakt","status":"publish","type":"page","link":"https:\/\/naturcoiffeur-heiniger.ch\/?page_id=53","title":{"rendered":"Kontakt"},"content":{"rendered":"\n<p>Sie k\u00f6nnen mich jederzeit telefonisch erreichen, um einen Termin zu vereinbaren.<\/p>\n\n\n\n<p>Eine Kartenzahlung ist leider nicht m\u00f6glich, neu k\u00f6nnen Sie aber mit Twint bezahlen. <\/p>\n\n\n\n<figure class=\"wp-block-image size-large is-resized\"><img loading=\"lazy\" decoding=\"async\" src=\"https:\/\/naturcoiffeur-heiniger.ch\/wp-content\/uploads\/2021\/04\/visitenkarte1-1-1024x679.png\" alt=\"\" class=\"wp-image-253\" width=\"256\" height=\"170\" srcset=\"https:\/\/naturcoiffeur-heiniger.ch\/wp-content\/uploads\/2021\/04\/visitenkarte1-1-1024x679.png 1024w, https:\/\/naturcoiffeur-heiniger.ch\/wp-content\/uploads\/2021\/04\/visitenkarte1-1-300x199.png 300w, https:\/\/naturcoiffeur-heiniger.ch\/wp-content\/uploads\/2021\/04\/visitenkarte1-1-768x509.png 768w, https:\/\/naturcoiffeur-heiniger.ch\/wp-content\/uploads\/2021\/04\/visitenkarte1-1.png 1051w\" sizes=\"auto, (max-width: 256px) 100vw, 256px\" \/><\/figure>\n\n\n\n<h2 class=\"wp-block-heading\">Adresse:<\/h2>\n\n\n\n<p>Naturcoiffeur Sonja Heiniger &#8211; Br\u00fcttenerstrasse 16 &#8211; 8307 Effretikon<\/p>\n\n\n\n<p>Telefon: 079 719 44 74   E-Mail: <a rel=\"noreferrer noopener\" href=\"mailto:sheiniger.tropica@hotmail.com\" target=\"_blank\">sonja-heiniger@outlook.com<\/a><\/p>\n\n\n\n<h2 class=\"wp-block-heading\">\u00d6ffnungszeiten: <\/h2>\n\n\n\n<p>Mittwoch, Freitag und Samstag nach Vereinbarung<\/p>\n\n\n\n<div class=\"wp-block-image\"><figure class=\"aligncenter size-large\"><a href=\"https:\/\/www.google.ch\/maps\/place\/Br\u00fcttenerstrasse+16,+8307+Illnau-Effretikon\/@47.4276633,8.5573475,12z\/data=!4m5!3m4!1s0x479aa275ac9b16b1:0xc57013885f60c080!8m2!3d47.4322977!4d8.6857508\" target=\"_blank\" rel=\"noopener\"><img loading=\"lazy\" decoding=\"async\" width=\"1024\" height=\"636\" src=\"https:\/\/naturcoiffeur-heiniger.ch\/wp-content\/uploads\/2021\/04\/maps-1024x636.png\" alt=\"\" class=\"wp-image-203\" srcset=\"https:\/\/naturcoiffeur-heiniger.ch\/wp-content\/uploads\/2021\/04\/maps-1024x636.png 1024w, https:\/\/naturcoiffeur-heiniger.ch\/wp-content\/uploads\/2021\/04\/maps-300x186.png 300w, https:\/\/naturcoiffeur-heiniger.ch\/wp-content\/uploads\/2021\/04\/maps-768x477.png 768w, https:\/\/naturcoiffeur-heiniger.ch\/wp-content\/uploads\/2021\/04\/maps.png 1218w\" sizes=\"auto, (max-width: 1024px) 100vw, 1024px\" \/><\/a><\/figure><\/div>\n\n\n\n<div class=\"wp-block-image\"><figure class=\"aligncenter size-large is-resized\"><img loading=\"lazy\" decoding=\"async\" src=\"https:\/\/naturcoiffeur-heiniger.ch\/wp-content\/uploads\/2021\/01\/culum1-1024x1024.jpg\" alt=\"\" class=\"wp-image-127\" width=\"512\" height=\"512\" srcset=\"https:\/\/naturcoiffeur-heiniger.ch\/wp-content\/uploads\/2021\/01\/culum1-1024x1024.jpg 1024w, https:\/\/naturcoiffeur-heiniger.ch\/wp-content\/uploads\/2021\/01\/culum1-300x300.jpg 300w, https:\/\/naturcoiffeur-heiniger.ch\/wp-content\/uploads\/2021\/01\/culum1-150x150.jpg 150w, https:\/\/naturcoiffeur-heiniger.ch\/wp-content\/uploads\/2021\/01\/culum1-768x768.jpg 768w, https:\/\/naturcoiffeur-heiniger.ch\/wp-content\/uploads\/2021\/01\/culum1.jpg 1386w\" sizes=\"auto, (max-width: 512px) 100vw, 512px\" \/><\/figure><\/div>\n\n\n\n<div class=\"wp-block-image\"><figure class=\"aligncenter size-large\"><img loading=\"lazy\" decoding=\"async\" width=\"1024\" height=\"145\" src=\"https:\/\/naturcoiffeur-heiniger.ch\/wp-content\/uploads\/2021\/01\/labels-1024x145.png\" alt=\"\" class=\"wp-image-54\" srcset=\"https:\/\/naturcoiffeur-heiniger.ch\/wp-content\/uploads\/2021\/01\/labels-1024x145.png 1024w, https:\/\/naturcoiffeur-heiniger.ch\/wp-content\/uploads\/2021\/01\/labels-300x43.png 300w, https:\/\/naturcoiffeur-heiniger.ch\/wp-content\/uploads\/2021\/01\/labels-768x109.png 768w, https:\/\/naturcoiffeur-heiniger.ch\/wp-content\/uploads\/2021\/01\/labels.png 1183w\" sizes=\"auto, (max-width: 1024px) 100vw, 1024px\" \/><\/figure><\/div>\n\n\n\n<p><\/p>\n","protected":false},"excerpt":{"rendered":"<p>Sie k\u00f6nnen mich jederzeit telefonisch erreichen, um einen Termin zu vereinbaren. Eine Kartenzahlung ist leider nicht m\u00f6glich, neu k\u00f6nnen Sie aber mit Twint bezahlen. Adresse: Naturcoiffeur Sonja Heiniger &#8211; Br\u00fcttenerstrasse 16 &#8211; 8307 Effretikon Telefon: 079 719 44 74 E-Mail: sonja-heiniger@outlook.com \u00d6ffnungszeiten: Mittwoch, Freitag und Samstag nach Vereinbarung<\/p>\n","protected":false},"author":1,"featured_media":0,"parent":0,"menu_order":0,"comment_status":"closed","ping_status":"closed","template":"","meta":{"footnotes":""},"class_list":["post-53","page","type-page","status-publish"],"_links":{"self":[{"href":"https:\/\/naturcoiffeur-heiniger.ch\/index.php?rest_route=\/wp\/v2\/pages\/53","targetHints":{"allow":["GET"]}}],"collection":[{"href":"https:\/\/naturcoiffeur-heiniger.ch\/index.php?rest_route=\/wp\/v2\/pages"}],"about":[{"href":"https:\/\/naturcoiffeur-heiniger.ch\/index.php?rest_route=\/wp\/v2\/types\/page"}],"author":[{"embeddable":true,"href":"https:\/\/naturcoiffeur-heiniger.ch\/index.php?rest_route=\/wp\/v2\/users\/1"}],"replies":[{"embeddable":true,"href":"https:\/\/naturcoiffeur-heiniger.ch\/index.php?rest_route=%2Fwp%2Fv2%2Fcomments&post=53"}],"version-history":[{"count":15,"href":"https:\/\/naturcoiffeur-heiniger.ch\/index.php?rest_route=\/wp\/v2\/pages\/53\/revisions"}],"predecessor-version":[{"id":254,"href":"https:\/\/naturcoiffeur-heiniger.ch\/index.php?rest_route=\/wp\/v2\/pages\/53\/revisions\/254"}],"wp:attachment":[{"href":"https:\/\/naturcoiffeur-heiniger.ch\/index.php?rest_route=%2Fwp%2Fv2%2Fmedia&parent=53"}],"curies":[{"name":"wp","href":"https:\/\/api.w.org\/{rel}","templated":true}]}}